(-12)/(-16)).
2
Suppose -3*h - 1033 = -2*j, 460 = -4*j - 5*h + 2537. Let u = -353 + j. What are the prime factors of u?
3, 5, 11
Let q = -1429 + 2566. Suppose 9*l = -21 + q. List the prime factors of l.
2, 31
Suppose 0 = -243*g + 234*g + 6759. List the prime factors of g.
751
Suppose -c - 1 + 2 = 0. List the prime factors of 14/35*(164 + (c - 0)).
2, 3, 11
Let g(c) be the second derivative of -13*c**5/5 + c**4/6 + c**3/6 - c. Let r be (0 - 2)/(42 - 40). What are the prime factors of g(r)?
53
Let w = -1465 + 940. Let q = -222 - w. What are the prime factors of q?
3, 101
Suppose -24 = 5*v - 4, 0 = 4*j + 5*v + 32. Let m be 1 - (1 + 1 + j). Suppose -2*c + m*k + 150 = 3*c, -k + 37 = c. List the prime factors of c.
2
Suppose -4*k + 61 + 3 = 0. Let a = 31 - k. Let t = a - -16. List the prime factors of t.
31
Suppose g - 788 = -4*o, 3*g = o + o + 2378. List the prime factors of g.
2, 3, 11
Let c be 2*(-4 - -3) + (2 - -9). Suppose 0 = -c*k + 3*k + 180. What are the prime factors of k?
2, 3, 5
Let w = 7 + -2. Suppose -22 = -w*s + 3. List the prime factors of -3 + (22 - (-2 + s)).
2
Let m = 3 + 34. Suppose 5*h + 7 - m = 0. Suppose -3*w = -h, 0*j - 60 = -2*j + 4*w. What are the prime factors of j?
2, 17
Let n = 14 + -10. Suppose 0 - 20 = n*q. Let l(c) = -c**3 - 4*c**2 - 6*c - 2. What are the prime factors of l(q)?
53
Let n = 309 + 104. List the prime factors of n.
7, 59
Let o(h) = h**2 - 15*h - 5. Let m(v) = -2*v**3 - 4*v**2 - 4*v - 2. Let u be m(-2). Suppose -5*s - 83 = -4*a, 3*a = s - u*s + 36. List the prime factors of o(a).
29
Suppose -5*c - 7632 = -9*c + 2*j, 1890 = c - 5*j. List the prime factors of c.
2, 5, 191
List the prime factors of ((1944/(-15))/12)/((-3)/670).
2, 3, 67
Let f(u) = 1491*u**2 + 2*u. List the prime factors of f(-2).
2, 5, 149
Let k(x) = 1456*x**2 - 8*x + 3. List the prime factors of k(1).
1451
Let k be 43/(1/(-2)*-2). Let p(x) = x**3 + 9*x**2 + 5*x - 10. Let q be p(-8). Let j = k - q. List the prime factors of j.
29
What are the prime factors of (77/14 - 4)/(3/1418)?
709
Let y be ((-67)/2 + 4)/(4/(-8)). Let v = -73 + 37. Let o = v + y. List the prime factors of o.
23
Suppose 2*m = 5*i - 3, 4*m + i + 17 = -0*m. What are the prime factors of (-114)/(0 - (-3)/m)?
2, 19
Let o = 529 + 400. What are the prime factors of o?
929
Suppose -7927 = -y - 4*y - 2*s, 2*s = -3*y + 4757. What are the prime factors of y?
5, 317
Let h(p) = -p + 2. Let y be h(0). Let q be 1/(-3) + y/6. Suppose -5*a = -q*a - 165. What are the prime factors of a?
3, 11
Let k(o) be the first derivative of 2*o**3 + o**2 + 3*o - 14. List the prime factors of k(3).
3, 7
What are the prime factors of (-1023)/(-682)*(-1 - 3887/(-3))?
2, 971
Suppose -9*o = 68*o - 84007. List the prime factors of o.
1091
Let l(t) = -12*t**3 + 3*t**2 + 2*t - 13. List the prime factors of l(-3).
2, 83
Let t(k) = k**3 - 8*k**2 + 10*k + 14. Let v be t(6). What are the prime factors of ((-10)/10)/(v/(-118))?
59
Let q = -8 + 8. Let m(x) = 2*x + 8. Let c be m(q). Suppose 2*o - c = -0. What are the prime factors of o?
2
Let t = 301 + -83. List the prime factors of t.
2, 109
Let v = -56 - -666. List the prime factors of v.
2, 5, 61
Suppose 0 = 16*r - 5561 - 2759. What are the prime factors of r?
2, 5, 13
Let l = 332 + -98. List the prime factors of l.
2, 3, 13
Let x(l) be the third derivative of l**6/120 - l**5/60 - l**4/24 + l**3/2 - l**2. Let f = 35 + -32. What are the prime factors of x(f)?
2, 3
Let n(c) = -7*c + 2. Let d be n(-3). Let h = d + -57. Let x = 74 + h. List the prime factors of x.
2, 5
Let h = 2121 + 2742. What are the prime factors of h?
3, 1621
Let s be (-8)/(-3)*3/2. Suppose -z - 3*a = s*z - 671, 2*a = z - 129. What are the prime factors of z?
7, 19
Let u be ((-6)/9)/(4/18). List the prime factors of 2 + 108/2 + u + 0.
53
Let s = -25 - -25. Suppose 2*m + 3 + 7 = s. Let c(y) = -2*y**3 - 8*y**2 - 2*y + 7. List the prime factors of c(m).
67
Suppose 3*g - 746 = -4*c - 0*c, -g = 4*c - 750. List the prime factors of c.
2, 47
Suppose -4*o - o - 10472 = -2*s, o = -2. What are the prime factors of s?
5231
Suppose -3*k + 4*t + 0*t = -6, -3*k = 2*t - 6. Suppose -y = u - 61, k*u - 4*y - 34 = 76. List the prime factors of u.
59
Let j(f) = -f**2 + 14*f + 11. List the prime factors of j(13).
2, 3
List the prime factors of (1 + 3485/10)/((-3)/(-24)).
2, 3, 233
Suppose 0 = 3*v - v - 44. Suppose x - v = -k, -5*x + 3*k + 138 = k. Suppose -5*a - y = -206 + x, -y = 4*a - 143. List the prime factors of a.
37
Let j(t) = t**3 + 9*t**2 + 10*t - 3. Let u be j(-8). Let p = u + 24. What are the prime factors of p?
5
Suppose 0 = -2*p + 395 + 49. What are the prime factors of p?
2, 3, 37
Suppose -3*r - 92 = r. Let v = r - -21. What are the prime factors of 42*v*(-2)/6?
2, 7
Let f be ((-26)/(-6) + 1)/((-1)/3). Let q be -2 + 1 - (-27 + -2). Let t = f + q. What are the prime factors of t?
2, 3
Let l = 109 - -385. List the prime factors of l.
2, 13, 19
Suppose -2*m = -t + 7, t + 3*t = m. Let y be t*(-5 + 3 + -3). What are the prime factors of y*(78/10 + -3)?
2, 3
Suppose -6*q + 238 = -86. What are the prime factors of (q/(-45))/(4/(-150))?
3, 5
Suppose -4*t + 809 + 1111 = 0. Suppose -k - 118 = -s + 52, -t = -3*s - 3*k. What are the prime factors of s?
3, 5, 11
Suppose 17*y - 285 = 5529. What are the prime factors of y?
2, 3, 19
Let p(o) = -5*o - 7. Let v = -19 - -16. List the prime factors of p(v).
2
Let u(q) = -q**3 - 9*q**2 - 7*q + 18. Suppose -5*l - 19 - 11 = 0. Let x be l - (-4)/(-3 + 1). What are the prime factors of u(x)?
2, 5
Let u(n) be the first derivative of -103*n**4/4 + n**3/3 - 3*n**2/2 - 3*n - 10. What are the prime factors of u(-1)?
2, 13
Let b(f) = 4 - f + 0*f + 2*f. Let x be b(-4). Suppose x = -5*o + 184 + 11. What are the prime factors of o?
3, 13
Let p(m) = 2*m**2 + 11*m**2 + 8*m - 35*m**3 - 1 + 36*m**3. List the prime factors of p(-11).
3, 17
Suppose f = 3*y - 3*f - 187, 69 = y - 3*f. Suppose -40 = -h - 4*g + y, 87 = h - g. List the prime factors of h.
89
Let w be 0*(-4)/8*(2 + -3). Suppose 2*i + 4 = w, 4*v + 5*i = 766 + 100. List the prime factors of v.
3, 73
Suppose -2*r - r = 3, 3*r = 3*m - 2631. Suppose -3*t + 8*t = -4*c + m, 0 = c + 1. What are the prime factors of t/4 + -2 + -3?
3, 13
Let u = 4951 - -459. What are the prime factors of u?
2, 5, 541
Suppose -4890 - 966 = -8*z. What are the prime factors of z?
2, 3, 61
Suppose 6 = 4*s + 2*n - 4, 0 = 3*s - n - 5. Suppose s*j - 71 = o, 5*j + 2*o = 93 + 107. Suppose -j - 7 = -3*i. What are the prime factors of i?
3, 5
Suppose -10 + 12 = a. Suppose -a*i - 120 = -b - 4*i, -3*i + 348 = 3*b. What are the prime factors of b?
2, 7
Let x(j) = j**3 - j**2 + 5*j + 132. List the prime factors of x(0).
2, 3, 11
Let g be 0 + 0 + (-16 - -5). Let t be 61 + -2 + (1 + 1)*1. Let b = t + g. What are the prime factors of b?
2, 5
Let u be -1 + 3 + (6 - 3). Suppose -u*v + 45 = -35. Suppose -5*n = 4*o - 209, v = n + 3*o - 28. List the prime factors of n.
41
Suppose -3*h = 3, 3*l + 3*h - 2*h = 125. List the prime factors of l.
2, 3, 7
Let f(l) = 3*l + 28. Let t be f(-6). What are the prime factors of (-8)/t*(-825)/10?
2, 3, 11
Let i = 87 + 513. Suppose i = 9*v - 6*v. List the prime factors of v.
2, 5
Suppose 4*x + 2*c = 4, -4*x = -c - 3 - 1. Suppose -n + 0*n + x = -p, -n + 4 = -2*p. List the prime factors of (-1 - 41)/n + -1.
2, 5
Suppose 3*s - 6*s = -3. Let a be 2*s/(-6)*-48. List the prime factors of 6 + (-6 - a/(-4)).
2
Suppose -1 = 2*w - 7. Suppose -2*x - 5 = w. What are the prime factors of -26*(4/2)/x?
13
Let w(c) be the third derivative of 7*c**6/120 + c**5/15 - c**4/24 - 2*c**3/3 + 15*c**2. List the prime factors of w(3).
2, 109
Let y = 15 - 11. Let c be y*(-1 - 0)/2. What are the prime factors of c/(-13) - 6417/(-117)?
5, 11
Suppose 2*s - 67 = s. Let x = s + -34. What are the prime factors of x?
3, 11
Suppose 0*p - 2*k + 16 = 2*p, -5*k = 0. Let q be -3 - (0 - (-1 + p)). Suppose -q*j = j - 40. List the prime factors of j.
2
Let v(m) = -m + 9. Suppose 0 = -2*b - 4 + 12. Suppose -b = 2*w, 3*w = 4*j + 4 + 10. List the prime factors of v(j).
2, 7
Suppose -u + 0*u + 6 = 0. Let v(w) = 65*w**3 - w**2 + 4*w - 2. Let c be v(1). Let m = c - u. List the prime factors of m.
2, 3, 5
Let z = -6920 + 10374. List the prime factors of z.
2, 11, 157
Let m = 0 - 3. Let i(d) =